{"id":428,"date":"2023-10-27T12:27:38","date_gmt":"2023-10-27T12:27:38","guid":{"rendered":"http:\/\/lynge-foto.dk\/?page_id=428"},"modified":"2023-11-15T11:56:26","modified_gmt":"2023-11-15T11:56:26","slug":"baby-det-foerste-aar","status":"publish","type":"page","link":"https:\/\/lynge-foto.dk\/index.php\/produkter-og-priser\/baby-det-foerste-aar\/","title":{"rendered":"Baby &#8211; Det f\u00f8rste \u00e5r"},"content":{"rendered":"\n<figure class=\"wp-block-image size-large\"><img loading=\"lazy\" decoding=\"async\" width=\"1024\" height=\"741\" data-attachment-id=\"395\" data-permalink=\"https:\/\/lynge-foto.dk\/index.php\/gallery\/dsc01925_1-1\/\" data-orig-file=\"https:\/\/lynge-foto.dk\/wp-content\/uploads\/2023\/01\/DSC01925_1-1-scaled.jpg\" data-orig-size=\"2560,1854\" data-comments-opened=\"1\" data-image-meta=\"{&quot;aperture&quot;:&quot;2&quot;,&quot;credit&quot;:&quot;&quot;,&quot;camera&quot;:&quot;ILCE-7M4&quot;,&quot;caption&quot;:&quot;&quot;,&quot;created_timestamp&quot;:&quot;1670946072&quot;,&quot;copyright&quot;:&quot;&quot;,&quot;focal_length&quot;:&quot;50&quot;,&quot;iso&quot;:&quot;100&quot;,&quot;shutter_speed&quot;:&quot;0.004&quot;,&quot;title&quot;:&quot;&quot;,&quot;orientation&quot;:&quot;0&quot;}\" data-image-title=\"DSC01925_1-1\" data-image-description=\"\" data-image-caption=\"\" data-medium-file=\"https:\/\/lynge-foto.dk\/wp-content\/uploads\/2023\/01\/DSC01925_1-1-300x217.jpg\" data-large-file=\"https:\/\/lynge-foto.dk\/wp-content\/uploads\/2023\/01\/DSC01925_1-1-1024x741.jpg\" src=\"http:\/\/lynge-foto.dk\/wp-content\/uploads\/2023\/01\/DSC01925_1-1-1024x741.jpg\" alt=\"\" class=\"wp-image-395\" srcset=\"https:\/\/lynge-foto.dk\/wp-content\/uploads\/2023\/01\/DSC01925_1-1-1024x741.jpg 1024w, https:\/\/lynge-foto.dk\/wp-content\/uploads\/2023\/01\/DSC01925_1-1-300x217.jpg 300w, https:\/\/lynge-foto.dk\/wp-content\/uploads\/2023\/01\/DSC01925_1-1-768x556.jpg 768w\" sizes=\"auto, (max-width: 1024px) 100vw, 1024px\" \/><\/figure>\n\n\n\n<p class=\"wp-block-paragraph\">Forevig dine b\u00f8rns f\u00f8rste \u00e5r, med enten m\u00e5neds- eller kvartalsfotos.<\/p>\n\n\n\n<p class=\"wp-block-paragraph\">Med fokus i dit barn udviklingstrin, tager vi s\u00f8de og smukke billeder, der fremh\u00e6ver netop det stadie dit barn er i.<\/p>\n\n\n\n<p class=\"wp-block-paragraph\">Jeg har b\u00e5de kasser, kurve, t\u00e6pper og andre rekvisitter, men medbring ogs\u00e5 gerne selv nogle ting, hvis I har noget i \u00f8nsker skal med p\u00e5 billederne.<\/p>\n\n\n\n<p class=\"wp-block-paragraph\">\u00d8nsker du kvartalsvis fotografering, kan du f\u00e5 i alt 4 fotograferinger til kun 1600,-. Ydermere f\u00e5r du efter hver fotografering et printet foto i 13&#215;18 cm, ligesom du tilsendes en fil i en opl\u00f8sning der er velegnet til sociale medier.<\/p>\n\n\n\n<p class=\"wp-block-paragraph\">Ved valg af kvartalsfotos, skal du booke tid n\u00e5r din baby er 3, 6, 9 og 12 mdr. <\/p>\n\n\n\n<p class=\"wp-block-paragraph\">\u00d8nsker du m\u00e5nedsfotografering, anbefaler jeg du booker tid n\u00e5r din baby er ca. 20-30 dage gammel. S\u00e5 er babyen typisk allerede mere v\u00e5gen og har \u00e5bne \u00f8jne. <\/p>\n\n\n\n<p class=\"wp-block-paragraph\">Prisen for de 12 fotograferinger er kun 3600,- og igen er det inklusiv 1 stk. printet 13&#215;18 foto efter hver tid, samt en digital fil til de sociale medier. <\/p>\n\n\n\n<div class=\"wp-block-columns is-layout-flex wp-container-core-columns-is-layout-8f761849 wp-block-columns-is-layout-flex\">\n<div class=\"wp-block-column is-layout-flow wp-block-column-is-layout-flow\" style=\"flex-basis:100%\"><\/div>\n<\/div>\n\n\n\n<figure class=\"wp-block-gallery has-nested-images columns-default is-cropped wp-block-gallery-1 is-layout-flex wp-block-gallery-is-layout-flex\">\n<figure class=\"wp-block-image size-large\"><img decoding=\"async\" data-attachment-id=\"457\" data-permalink=\"https:\/\/lynge-foto.dk\/index.php\/produkter-og-priser\/baby-det-foerste-aar\/dsc02381-5-mdr-sorthvid\/\" data-orig-file=\"https:\/\/lynge-foto.dk\/wp-content\/uploads\/2023\/11\/DSC02381-5-mdr-sorthvid.jpg\" data-orig-size=\"\" data-comments-opened=\"1\" data-image-meta=\"[]\" data-image-title=\"DSC02381-5-mdr-sorthvid\" data-image-description=\"\" data-image-caption=\"\" data-medium-file=\"https:\/\/lynge-foto.dk\/wp-content\/uploads\/2023\/11\/DSC02381-5-mdr-sorthvid.jpg\" data-large-file=\"https:\/\/lynge-foto.dk\/wp-content\/uploads\/2023\/11\/DSC02381-5-mdr-sorthvid.jpg\" data-id=\"457\" src=\"http:\/\/lynge-foto.dk\/wp-content\/uploads\/2023\/11\/DSC02381-5-mdr-sorthvid.jpg\" alt=\"\" class=\"wp-image-457\"\/><\/figure>\n\n\n\n<figure class=\"wp-block-image size-large\"><img loading=\"lazy\" decoding=\"async\" width=\"1024\" height=\"683\" data-attachment-id=\"454\" data-permalink=\"https:\/\/lynge-foto.dk\/index.php\/produkter-og-priser\/baby-det-foerste-aar\/dsc01479-kopier-2\/\" data-orig-file=\"https:\/\/lynge-foto.dk\/wp-content\/uploads\/2023\/11\/DSC01479-kopier-2-scaled.jpg\" data-orig-size=\"2560,1707\" data-comments-opened=\"1\" data-image-meta=\"{&quot;aperture&quot;:&quot;8&quot;,&quot;credit&quot;:&quot;&quot;,&quot;camera&quot;:&quot;ILCE-7M4&quot;,&quot;caption&quot;:&quot;&quot;,&quot;created_timestamp&quot;:&quot;1666272936&quot;,&quot;copyright&quot;:&quot;&quot;,&quot;focal_length&quot;:&quot;43&quot;,&quot;iso&quot;:&quot;100&quot;,&quot;shutter_speed&quot;:&quot;0.004&quot;,&quot;title&quot;:&quot;&quot;,&quot;orientation&quot;:&quot;1&quot;}\" data-image-title=\"DSC01479-kopier-2\" data-image-description=\"\" data-image-caption=\"\" data-medium-file=\"https:\/\/lynge-foto.dk\/wp-content\/uploads\/2023\/11\/DSC01479-kopier-2-300x200.jpg\" data-large-file=\"https:\/\/lynge-foto.dk\/wp-content\/uploads\/2023\/11\/DSC01479-kopier-2-1024x683.jpg\" data-id=\"454\" src=\"http:\/\/lynge-foto.dk\/wp-content\/uploads\/2023\/11\/DSC01479-kopier-2-1024x683.jpg\" alt=\"\" class=\"wp-image-454\" srcset=\"https:\/\/lynge-foto.dk\/wp-content\/uploads\/2023\/11\/DSC01479-kopier-2-1024x683.jpg 1024w, https:\/\/lynge-foto.dk\/wp-content\/uploads\/2023\/11\/DSC01479-kopier-2-300x200.jpg 300w, https:\/\/lynge-foto.dk\/wp-content\/uploads\/2023\/11\/DSC01479-kopier-2-768x512.jpg 768w, https:\/\/lynge-foto.dk\/wp-content\/uploads\/2023\/11\/DSC01479-kopier-2-1536x1024.jpg 1536w, https:\/\/lynge-foto.dk\/wp-content\/uploads\/2023\/11\/DSC01479-kopier-2-2048x1365.jpg 2048w\" sizes=\"auto, (max-width: 1024px) 100vw, 1024px\" \/><\/figure>\n\n\n\n<figure class=\"wp-block-image size-large\"><img decoding=\"async\" data-attachment-id=\"456\" data-permalink=\"https:\/\/lynge-foto.dk\/index.php\/produkter-og-priser\/baby-det-foerste-aar\/dsc02348-5-mdr\/\" data-orig-file=\"https:\/\/lynge-foto.dk\/wp-content\/uploads\/2023\/11\/DSC02348-5-mdr.jpg\" data-orig-size=\"\" data-comments-opened=\"1\" data-image-meta=\"[]\" data-image-title=\"DSC02348-5-mdr\" data-image-description=\"\" data-image-caption=\"\" data-medium-file=\"https:\/\/lynge-foto.dk\/wp-content\/uploads\/2023\/11\/DSC02348-5-mdr.jpg\" data-large-file=\"https:\/\/lynge-foto.dk\/wp-content\/uploads\/2023\/11\/DSC02348-5-mdr.jpg\" data-id=\"456\" src=\"http:\/\/lynge-foto.dk\/wp-content\/uploads\/2023\/11\/DSC02348-5-mdr.jpg\" alt=\"\" class=\"wp-image-456\"\/><\/figure>\n\n\n\n<figure class=\"wp-block-image size-large\"><img loading=\"lazy\" decoding=\"async\" width=\"768\" height=\"1024\" data-attachment-id=\"463\" data-permalink=\"https:\/\/lynge-foto.dk\/index.php\/produkter-og-priser\/baby-det-foerste-aar\/dsc00927_1\/\" data-orig-file=\"https:\/\/lynge-foto.dk\/wp-content\/uploads\/2023\/11\/DSC00927_1-scaled.jpg\" data-orig-size=\"1920,2560\" data-comments-opened=\"1\" data-image-meta=\"{&quot;aperture&quot;:&quot;2.8&quot;,&quot;credit&quot;:&quot;&quot;,&quot;camera&quot;:&quot;ILCE-7M4&quot;,&quot;caption&quot;:&quot;&quot;,&quot;created_timestamp&quot;:&quot;1664275397&quot;,&quot;copyright&quot;:&quot;&quot;,&quot;focal_length&quot;:&quot;32&quot;,&quot;iso&quot;:&quot;50&quot;,&quot;shutter_speed&quot;:&quot;0.004&quot;,&quot;title&quot;:&quot;&quot;,&quot;orientation&quot;:&quot;0&quot;}\" data-image-title=\"DSC00927_1\" data-image-description=\"\" data-image-caption=\"\" data-medium-file=\"https:\/\/lynge-foto.dk\/wp-content\/uploads\/2023\/11\/DSC00927_1-225x300.jpg\" data-large-file=\"https:\/\/lynge-foto.dk\/wp-content\/uploads\/2023\/11\/DSC00927_1-768x1024.jpg\" data-id=\"463\" src=\"http:\/\/lynge-foto.dk\/wp-content\/uploads\/2023\/11\/DSC00927_1-768x1024.jpg\" alt=\"\" class=\"wp-image-463\" srcset=\"https:\/\/lynge-foto.dk\/wp-content\/uploads\/2023\/11\/DSC00927_1-768x1024.jpg 768w, https:\/\/lynge-foto.dk\/wp-content\/uploads\/2023\/11\/DSC00927_1-225x300.jpg 225w, https:\/\/lynge-foto.dk\/wp-content\/uploads\/2023\/11\/DSC00927_1-1152x1536.jpg 1152w, https:\/\/lynge-foto.dk\/wp-content\/uploads\/2023\/11\/DSC00927_1-1536x2048.jpg 1536w, https:\/\/lynge-foto.dk\/wp-content\/uploads\/2023\/11\/DSC00927_1-scaled.jpg 1920w\" sizes=\"auto, (max-width: 768px) 100vw, 768px\" \/><\/figure>\n\n\n\n<figure class=\"wp-block-image size-large\"><img decoding=\"async\" data-attachment-id=\"459\" data-permalink=\"https:\/\/lynge-foto.dk\/index.php\/produkter-og-priser\/baby-det-foerste-aar\/sara-barnedaab-billedet\/\" data-orig-file=\"https:\/\/lynge-foto.dk\/wp-content\/uploads\/2023\/11\/Sara-barnedaab-billedet.jpg\" data-orig-size=\"\" data-comments-opened=\"1\" data-image-meta=\"[]\" data-image-title=\"Sara-barnedaab-billedet\" data-image-description=\"\" data-image-caption=\"\" data-medium-file=\"https:\/\/lynge-foto.dk\/wp-content\/uploads\/2023\/11\/Sara-barnedaab-billedet.jpg\" data-large-file=\"https:\/\/lynge-foto.dk\/wp-content\/uploads\/2023\/11\/Sara-barnedaab-billedet.jpg\" data-id=\"459\" src=\"http:\/\/lynge-foto.dk\/wp-content\/uploads\/2023\/11\/Sara-barnedaab-billedet.jpg\" alt=\"\" class=\"wp-image-459\"\/><\/figure>\n<\/figure>\n","protected":false},"excerpt":{"rendered":"<p>Forevig dine b\u00f8rns f\u00f8rste \u00e5r, med enten m\u00e5neds- eller kvartalsfotos. Med fokus i dit barn udviklingstrin, tager vi s\u00f8de og smukke billeder, der fremh\u00e6ver netop&hellip; <\/p>\n","protected":false},"author":1,"featured_media":0,"parent":189,"menu_order":0,"comment_status":"closed","ping_status":"closed","template":"","meta":{"footnotes":""},"class_list":["post-428","page","type-page","status-publish","hentry"],"jetpack_sharing_enabled":true,"_links":{"self":[{"href":"https:\/\/lynge-foto.dk\/index.php\/wp-json\/wp\/v2\/pages\/428","targetHints":{"allow":["GET"]}}],"collection":[{"href":"https:\/\/lynge-foto.dk\/index.php\/wp-json\/wp\/v2\/pages"}],"about":[{"href":"https:\/\/lynge-foto.dk\/index.php\/wp-json\/wp\/v2\/types\/page"}],"author":[{"embeddable":true,"href":"https:\/\/lynge-foto.dk\/index.php\/wp-json\/wp\/v2\/users\/1"}],"replies":[{"embeddable":true,"href":"https:\/\/lynge-foto.dk\/index.php\/wp-json\/wp\/v2\/comments?post=428"}],"version-history":[{"count":5,"href":"https:\/\/lynge-foto.dk\/index.php\/wp-json\/wp\/v2\/pages\/428\/revisions"}],"predecessor-version":[{"id":465,"href":"https:\/\/lynge-foto.dk\/index.php\/wp-json\/wp\/v2\/pages\/428\/revisions\/465"}],"up":[{"embeddable":true,"href":"https:\/\/lynge-foto.dk\/index.php\/wp-json\/wp\/v2\/pages\/189"}],"wp:attachment":[{"href":"https:\/\/lynge-foto.dk\/index.php\/wp-json\/wp\/v2\/media?parent=428"}],"curies":[{"name":"wp","href":"https:\/\/api.w.org\/{rel}","templated":true}]}}

Baby &#8211; Det første år

<figure class="wp-block-image size-large"><img loading="lazy" decoding="async" width="1024" height="741" data-attachment-id="395" data-permalink="https://lynge-foto.dk/index.php/gallery/dsc01925_1-1/" data-orig-file="https://lynge-foto.dk/wp-content/uploads/2023/01/DSC01925_1-1-scaled.jpg" data-orig-size="2560,1854" data-comments-opened="1" data-image-meta="{&quot;aperture&quot;:&quot;2&quot;,&quot;credit&quot;:&quot;&quot;,&quot;camera&quot;:&quot;ILCE-7M4&quot;,&quot;caption&quot;:&quot;&quot;,&quot;created_timestamp&quot;:&quot;1670946072&quot;,&quot;copyright&quot;:&quot;&quot;,&quot;focal_length&quot;:&quot;50&quot;,&quot;iso&quot;:&quot;100&quot;,&quot;shutter_speed&quot;:&quot;0.004&quot;,&quot;title&quot;:&quot;&quot;,&quot;orientation&quot;:&quot;0&quot;}" data-image-title="DSC01925_1-1" data-image-description="" data-image-caption="" data-medium-file="https://lynge-foto.dk/wp-content/uploads/2023/01/DSC01925_1-1-300x217.jpg" data-large-file="https://lynge-foto.dk/wp-content/uploads/2023/01/DSC01925_1-1-1024x741.jpg" src="http://lynge-foto.dk/wp-content/uploads/2023/01/DSC01925_1-1-1024x741.jpg" alt="" class="wp-image-395" srcset="https://lynge-foto.dk/wp-content/uploads/2023/01/DSC01925_1-1-1024x741.jpg 1024w, https://lynge-foto.dk/wp-content/uploads/2023/01/DSC01925_1-1-300x217.jpg 300w, https://lynge-foto.dk/wp-content/uploads/2023/01/DSC01925_1-1-768x556.jpg 768w" sizes="auto, (max-width: 1024px) 100vw, 1024px" /></figure>



<p class="wp-block-paragraph">Forevig dine børns første år, med enten måneds- eller kvartalsfotos.</p>



<p class="wp-block-paragraph">Med fokus i dit barn udviklingstrin, tager vi søde og smukke billeder, der fremhæver netop det stadie dit barn er i.</p>



<p class="wp-block-paragraph">Jeg har både kasser, kurve, tæpper og andre rekvisitter, men medbring også gerne selv nogle ting, hvis I har noget i ønsker skal med på billederne.</p>



<p class="wp-block-paragraph">Ønsker du kvartalsvis fotografering, kan du få i alt 4 fotograferinger til kun 1600,-. Ydermere får du efter hver fotografering et printet foto i 13&#215;18 cm, ligesom du tilsendes en fil i en opløsning der er velegnet til sociale medier.</p>



<p class="wp-block-paragraph">Ved valg af kvartalsfotos, skal du booke tid når din baby er 3, 6, 9 og 12 mdr. </p>



<p class="wp-block-paragraph">Ønsker du månedsfotografering, anbefaler jeg du booker tid når din baby er ca. 20-30 dage gammel. Så er babyen typisk allerede mere vågen og har åbne øjne. </p>



<p class="wp-block-paragraph">Prisen for de 12 fotograferinger er kun 3600,- og igen er det inklusiv 1 stk. printet 13&#215;18 foto efter hver tid, samt en digital fil til de sociale medier. </p>



<div class="wp-block-columns is-layout-flex wp-container-core-columns-is-layout-8f761849 wp-block-columns-is-layout-flex">
<div class="wp-block-column is-layout-flow wp-block-column-is-layout-flow" style="flex-basis:100%"></div>
</div>



<figure class="wp-block-gallery has-nested-images columns-default is-cropped wp-block-gallery-1 is-layout-flex wp-block-gallery-is-layout-flex">
<figure class="wp-block-image size-large"><img decoding="async" data-attachment-id="457" data-permalink="https://lynge-foto.dk/index.php/produkter-og-priser/baby-det-foerste-aar/dsc02381-5-mdr-sorthvid/" data-orig-file="https://lynge-foto.dk/wp-content/uploads/2023/11/DSC02381-5-mdr-sorthvid.jpg" data-orig-size="" data-comments-opened="1" data-image-meta="[]" data-image-title="DSC02381-5-mdr-sorthvid" data-image-description="" data-image-caption="" data-medium-file="https://lynge-foto.dk/wp-content/uploads/2023/11/DSC02381-5-mdr-sorthvid.jpg" data-large-file="https://lynge-foto.dk/wp-content/uploads/2023/11/DSC02381-5-mdr-sorthvid.jpg" data-id="457" src="http://lynge-foto.dk/wp-content/uploads/2023/11/DSC02381-5-mdr-sorthvid.jpg" alt="" class="wp-image-457"/></figure>



<figure class="wp-block-image size-large"><img loading="lazy" decoding="async" width="1024" height="683" data-attachment-id="454" data-permalink="https://lynge-foto.dk/index.php/produkter-og-priser/baby-det-foerste-aar/dsc01479-kopier-2/" data-orig-file="https://lynge-foto.dk/wp-content/uploads/2023/11/DSC01479-kopier-2-scaled.jpg" data-orig-size="2560,1707" data-comments-opened="1" data-image-meta="{&quot;aperture&quot;:&quot;8&quot;,&quot;credit&quot;:&quot;&quot;,&quot;camera&quot;:&quot;ILCE-7M4&quot;,&quot;caption&quot;:&quot;&quot;,&quot;created_timestamp&quot;:&quot;1666272936&quot;,&quot;copyright&quot;:&quot;&quot;,&quot;focal_length&quot;:&quot;43&quot;,&quot;iso&quot;:&quot;100&quot;,&quot;shutter_speed&quot;:&quot;0.004&quot;,&quot;title&quot;:&quot;&quot;,&quot;orientation&quot;:&quot;1&quot;}" data-image-title="DSC01479-kopier-2" data-image-description="" data-image-caption="" data-medium-file="https://lynge-foto.dk/wp-content/uploads/2023/11/DSC01479-kopier-2-300x200.jpg" data-large-file="https://lynge-foto.dk/wp-content/uploads/2023/11/DSC01479-kopier-2-1024x683.jpg" data-id="454" src="http://lynge-foto.dk/wp-content/uploads/2023/11/DSC01479-kopier-2-1024x683.jpg" alt="" class="wp-image-454" srcset="https://lynge-foto.dk/wp-content/uploads/2023/11/DSC01479-kopier-2-1024x683.jpg 1024w, https://lynge-foto.dk/wp-content/uploads/2023/11/DSC01479-kopier-2-300x200.jpg 300w, https://lynge-foto.dk/wp-content/uploads/2023/11/DSC01479-kopier-2-768x512.jpg 768w, https://lynge-foto.dk/wp-content/uploads/2023/11/DSC01479-kopier-2-1536x1024.jpg 1536w, https://lynge-foto.dk/wp-content/uploads/2023/11/DSC01479-kopier-2-2048x1365.jpg 2048w" sizes="auto, (max-width: 1024px) 100vw, 1024px" /></figure>



<figure class="wp-block-image size-large"><img decoding="async" data-attachment-id="456" data-permalink="https://lynge-foto.dk/index.php/produkter-og-priser/baby-det-foerste-aar/dsc02348-5-mdr/" data-orig-file="https://lynge-foto.dk/wp-content/uploads/2023/11/DSC02348-5-mdr.jpg" data-orig-size="" data-comments-opened="1" data-image-meta="[]" data-image-title="DSC02348-5-mdr" data-image-description="" data-image-caption="" data-medium-file="https://lynge-foto.dk/wp-content/uploads/2023/11/DSC02348-5-mdr.jpg" data-large-file="https://lynge-foto.dk/wp-content/uploads/2023/11/DSC02348-5-mdr.jpg" data-id="456" src="http://lynge-foto.dk/wp-content/uploads/2023/11/DSC02348-5-mdr.jpg" alt="" class="wp-image-456"/></figure>



<figure class="wp-block-image size-large"><img loading="lazy" decoding="async" width="768" height="1024" data-attachment-id="463" data-permalink="https://lynge-foto.dk/index.php/produkter-og-priser/baby-det-foerste-aar/dsc00927_1/" data-orig-file="https://lynge-foto.dk/wp-content/uploads/2023/11/DSC00927_1-scaled.jpg" data-orig-size="1920,2560" data-comments-opened="1" data-image-meta="{&quot;aperture&quot;:&quot;2.8&quot;,&quot;credit&quot;:&quot;&quot;,&quot;camera&quot;:&quot;ILCE-7M4&quot;,&quot;caption&quot;:&quot;&quot;,&quot;created_timestamp&quot;:&quot;1664275397&quot;,&quot;copyright&quot;:&quot;&quot;,&quot;focal_length&quot;:&quot;32&quot;,&quot;iso&quot;:&quot;50&quot;,&quot;shutter_speed&quot;:&quot;0.004&quot;,&quot;title&quot;:&quot;&quot;,&quot;orientation&quot;:&quot;0&quot;}" data-image-title="DSC00927_1" data-image-description="" data-image-caption="" data-medium-file="https://lynge-foto.dk/wp-content/uploads/2023/11/DSC00927_1-225x300.jpg" data-large-file="https://lynge-foto.dk/wp-content/uploads/2023/11/DSC00927_1-768x1024.jpg" data-id="463" src="http://lynge-foto.dk/wp-content/uploads/2023/11/DSC00927_1-768x1024.jpg" alt="" class="wp-image-463" srcset="https://lynge-foto.dk/wp-content/uploads/2023/11/DSC00927_1-768x1024.jpg 768w, https://lynge-foto.dk/wp-content/uploads/2023/11/DSC00927_1-225x300.jpg 225w, https://lynge-foto.dk/wp-content/uploads/2023/11/DSC00927_1-1152x1536.jpg 1152w, https://lynge-foto.dk/wp-content/uploads/2023/11/DSC00927_1-1536x2048.jpg 1536w, https://lynge-foto.dk/wp-content/uploads/2023/11/DSC00927_1-scaled.jpg 1920w" sizes="auto, (max-width: 768px) 100vw, 768px" /></figure>



<figure class="wp-block-image size-large"><img decoding="async" data-attachment-id="459" data-permalink="https://lynge-foto.dk/index.php/produkter-og-priser/baby-det-foerste-aar/sara-barnedaab-billedet/" data-orig-file="https://lynge-foto.dk/wp-content/uploads/2023/11/Sara-barnedaab-billedet.jpg" data-orig-size="" data-comments-opened="1" data-image-meta="[]" data-image-title="Sara-barnedaab-billedet" data-image-description="" data-image-caption="" data-medium-file="https://lynge-foto.dk/wp-content/uploads/2023/11/Sara-barnedaab-billedet.jpg" data-large-file="https://lynge-foto.dk/wp-content/uploads/2023/11/Sara-barnedaab-billedet.jpg" data-id="459" src="http://lynge-foto.dk/wp-content/uploads/2023/11/Sara-barnedaab-billedet.jpg" alt="" class="wp-image-459"/></figure>
</figure>

<p>Forevig dine børns første år, med enten måneds- eller kvartalsfotos. Med fokus i dit barn udviklingstrin, tager vi søde og smukke billeder, der fremhæver netop&hellip; </p>
